33?
-21321222434
In base 3, what is -10122 + 11011102002?
11011021110
In base 4, what is 13230320 - 110?
13230210
In base 4, what is -11 - -301100210?
301100133
In base 12, what is -5 - -2834583?
283457a
In base 16, what is 66c1 + 269?
692a
In base 7, what is -3533 - -22264?
15431
In base 14, what is 1 + 71c190?
71c191
In base 2, what is 11000110001110000 - 1111000?
11000101111111000
In base 13, what is -1a27 + -c6c?
-2996
In base 10, what is -21944 + -209?
-22153
In base 15, what is 2b9a6 - 2e3?
2b6b3
In base 4, what is 2021123300310 + 11?
2021123300321
In base 12, what is 514092 - -3a?
514110
In base 10, what is 1228 - 34813?
-33585
In base 3, what is 2212101201120 + -20?
2212101201100
In base 11, what is 16099 + -68a0?
a2a9
In base 15, what is 1 - 2321260?
-232125e
In base 2, what is -1000011111101 + -1011011101011?
-10011111101000
In base 8, what is -2603 + 6700?
4075
In base 15, what is -3 - 2e3e78d?
-2e3e791
In base 7, what is 21 - 1013246235?
-1013246214
In base 8, what is -1101 + -2652370?
-2653471
In base 11, what is -237 - 65070?
-652a7
In base 15, what is -35 - 66b9?
-66ee
In base 14, what is -225 + -cacd8?
-cb11d
In base 6, what is 15010445 + -2?
15010443
In base 14, what is -39 - -37dd2?
37d97
In base 10, what is -5702 + 5546?
-156
In base 10, what is -2 - -26749445?
26749443
In base 15, what is -e056 - 15?
-e06b
In base 13, what is -1b6c4a - -26?
-1b6c24
In base 13, what is -27932 - -1643?
-262bc
In base 2, what is -100111110011 - 10110000010111?
-11011000001010
In base 9, what is -234 + -2008365?
-2008610
In base 2, what is 100111 - 1011000011011010010111?
-1011000011011001110000
In base 9, what is -416 + 1017?
501
In base 8, what is 1304405 - -244?
1304651
In base 8, what is -212 + 31344?
31132
In base 14, what is -6707a5 + -5?
-6707aa
In base 7, what is 2 - -142105335?
142105340
In base 4, what is -2 + -13323032102?
-13323032110
In base 16, what is -c4 - -151534?
151470
In base 2, what is 1000000 - -100111110111111001?
100111111000111001
In base 12, what is b941a - 19?
b9401
In base 4, what is -1102333020 - 2301?
-1103001321
In base 6, what is -3000 + -20552?
-23552
In base 16, what is -d + 211285?
211278
In base 10, what is -5197911 - -6?
-5197905
In base 5, what is 4 + 200144142113?
200144142122
In base 10, what is 64956107 + 0?
64956107
In base 14, what is 2ad168 + db?
2ad265
In base 2, what is 101101000100101100001100 + 11?
101101000100101100001111
In base 14, what is -44 - d05c7?
-d062b
In base 11, what is 664 - 271a6?
-26642
In base 4, what is -30301111 - -10233?
-30230212
In base 10, what is -2848 - -4193?
1345
In base 11, what is 154aa37 - -3?
154aa3a
In base 2, what is 101101100001110110 - 1011011110011?
101100000110000011
In base 13, what is -28 - 23c1?
-2419
In base 12, what is 8950 + -3174?
5798
In base 15, what is 10abc - -30dc?
13ba9
In base 7, what is 4334 + 2101665?
2106332
In base 10, what is 231993 - 851?
231142
In base 2, what is 1101100001011101000000001 + -1010?
1101100001011100111110111
In base 2, what is 10100100011111110 + -100000000011110?
10000100011100000
In base 4, what is 1033022222113012 - -3?
1033022222113021
In base 7, what is -25204 + -22565?
-51102
In base 4, what is 2213032302013 + 20?
2213032302033
In base 12, what is -695 + -81060?
-81735
In base 15, what is -14 + -1eb66e?
-1eb683
In base 2, what is 0 - 10111000011101010110101010?
-10111000011101010110101010
In base 9, what is -156750 - -32?
-156717
In base 3, what is 1101010011221121210 - -2?
1101010011221121212
In base 10, what is 9 - 371950?
-371941
In base 4, what is 102 - 313230223021?
-313230222313
In base 14, what is -60 - -42ab?
424b
In base 9, what is 25 + 12538011?
12538036
In base 7, what is 24223413034 - 1?
24223413033
In base 11, what is -3 - -101401358?
101401355
In base 14, what is a - 4469b?
-44691
In base 9, what is -174388621 - -5?
-174388615
In base 12, what is -35 - -65a4a1?
65a468
In base 14, what is 2c775 + 44?
2c7b9
In base 9, what is -2 - -70372044?
70372042
In base 10, what is -213 - -145346?
145133
In base 9, what is 34416040 + -2?
34416037
In base 4, what is -3332132123 + 200?
-3332131323
In base 7, what is 13123605 + -1?
13123604
In base 2, what is -1 - 1011010000110110111001?
-1011010000110110111010
In base 7, what is 412 + -134642?
-134230
In base 4, what is -2223002 + 231301?
-1331101
In base 6, what is -3 + -132301233?
-132301240
In base 6, what is 122 + 214154?
214320
In base 4, what is -1301113210323 - -102?
-1301113210221
In base 4, what is -3 + -122122132022?
-122122132031
In base 12, what is 22a9b0a5 + -6?
22a9b09b
In base 10, what is -17408295 + -4?
-17408299
In base 14, what is 1312c + -2a6b?
104a1
In base 14, what is 214c8 - 174?
21354
In base 13, what is -5 - 24201063?
-24201068
In base 3, what is 11 + -2102022222121112?
-2102022222121101
In base 14, what is 37cd039 + -6?
37cd033
In base 2, what is 101110111 + 1111111110101?
10000101101100
In base 12, what is -4043 + 1296?
-2969
In base 3, what is -122222121022112221 + 2?
-122222121022112212
In base 5, what is 1043312 + 20103?
1113420
In base 16, what is 4a4113 + -3?
4a4110
In base 6, what is 425 - 1104011?
-1103142
In base 3, what is -210011011102 - 22?
-210011011201
In base 5, what is -11024120332 + -20?
-11024120402
In base 6, what is 113 - 320414001?
-320413444
In base 14, what is -9 - -1dd819?
1dd810
In base 15, what is -a - 2e15a2?
-2e15ac
In base 14, what is 339 + 6a?
3a5
In base 14, what is 844 - -23188?
239cc
In base 10, what is 4 - 5176440?
-5176436
In base 3, what is -12 - 10220210121110?
-10220210121122
In base 11, what is 2a122131 - -6?
2a122137
In base 11, what is -65 + -276453?
-276508
In base 11, what is -36040a6 + -4a?
-3604145
In base 13, what is -5c277 - 210?
-5c487
In base 14, what is 37c3 + 1db?
39c0
In base 6, what is 133310345 + 134?
133310523
In base 10, what is 196 - 243097?
-242901
In base 14, what is -7 - 2a61c?
-2a625
In base 16, what is 973e457 - 5?
973e452
In base 15, what is d3c2a - 392?
d3888
In base 5, what is 13012 + -1143440?
-1130423
In base 11, what is -2412a0 - -a8?
-2411a3
In base 16, what is -a - c0090?
-c009a
In base 3, what is -21 - 10110021100000?
-10110021100021
In base 11, what is 32237504 - -5?
32237509
In base 3, what is -22000121 - 1022102120?
-1121110011
In base 7, what is -12 + -142562?
-142604
In base 12, what is -2 - 45aa95b?
-45aa961
In base 7, what is 6213255 + -21?
6213234
In base 7, what is 35 - 11163633?
-11163565
In base 15, what is -6 + 85a7b?
85a75
In base 3, what is -1211011210120 - -222?
-1211011202121
In base 12, what is 11 - -3926a3?
3926b4
In base 16, what is 3 - 4bf4ff?
-4bf4fc
In base 11, what is -2 + 63529919?
63529917
In base 3, what is -10111000110202 + -101?
-10111000111010
In base 12, what is -195838 - -4?
-195834
In base 15, what is -5e88 - -e3d?
-504a
In base 2, what is 1101011 + 10101010011111?
10101100001010
In base 6, what is 4413 + -1025?
3344
In base 9, what is -320863 + -624?
-321587
In base 15, what is 6 - 1d95e?
-1d958
In base 12, what is 1b8734 + -13?
1b8721
In base 14, what is 5b16a1c + 8?
5b16a26
In base 14, what is -1 - 3b677c?
-3b677d
In base 5, what is 124102040 - -410?
124103000
In base 5, what is -23 + -1021020342?
-1021020420
In base 15, what is abe89 + 45?
abece
In base 5, what is 201 + 13134332?
13140033
In base 3, what is -1022001220001 - 200101?
-1022002120102
In base 15, what is -32ba670d - 2?
-32ba6710
In base 14, what is -3 + 3a2dd1c?
3a2dd19
In base 8, what is -11714 + -311?
-12225
In base 7, what is -2116625 + -6?
-2116634
In base 13, what is -22287 + 1b5c?
-20428
In base 8, what is 14 + 23457167?
23457203
In base 6, what is 145301 + -10250?
135011
In base 16, what is 4b8313 - 0?
4b8313
In base 7, what is -32536021655 + -2?
-32536021660
In base 12, what is -1a64 + 163a?
-426
In base 12, what is -2 + -1218b67?
-1218b69
In base 11, what is -2 - 598577?
-598579
In base 13, what is 61a9 + -2420?
3a89
In base 8, what is -60 - 432506?
-432566
In base 2, what is 11111011010010110 - 1001111101?
11111010000011001
In base 4, what is -111 + -132102303?
-132103020
In base 4, what is -103 - -3333001200231?
3333001200122
In base 7, what is 0 + 11236433?
11236433
In base 15, what is -b09d4 - 3ea?
-b0dce
In base 8, what is -46 + -357154?
-357222
In base 6, what i